{"id":202,"date":"2025-10-03T04:53:26","date_gmt":"2025-10-03T04:53:26","guid":{"rendered":"https:\/\/www.auster.cz\/?page_id=202"},"modified":"2025-10-03T04:53:26","modified_gmt":"2025-10-03T04:53:26","slug":"letecka-vystoupeni","status":"publish","type":"page","link":"https:\/\/www.auster.cz\/?page_id=202","title":{"rendered":"Leteck\u00e1 vystoupen\u00ed"},"content":{"rendered":"\n<p>Bude n\u00e1m ct\u00ed p\u0159edv\u00e9st n\u00e1\u0161 Auster Mk.V na Va\u0161em leteck\u00e9m dnu, nebo na jin\u00e9 akci. Letoun m\u00e1 v\u00fdhodu kr\u00e1tk\u00e9ho vzletu a p\u0159ist\u00e1n\u00ed, je obratn\u00fd a m\u00e1 velk\u00fd rozsah provozn\u00edch rychlost\u00ed. M\u00e1me zku\u0161enosti s vystupov\u00e1n\u00edm na leteck\u00fdch dnech a p\u0159edv\u00e1d\u011bn\u00edm letounu.&nbsp;<\/p>\n\n\n\n<p>Cena z\u00e1vis\u00ed hlavn\u011b na vzd\u00e1lenosti va\u0161\u00ed akce od na\u0161eho domovsk\u00e9ho leti\u0161t\u011b Rakovn\u00edk.<\/p>\n\n\n\n<p>Pro zjednodu\u0161en\u00ed:<\/p>\n\n\n\n<p>Cena za vystoupen\u00ed na celodenn\u00ed akci v \u010cR, od A\u0161e po Pardubice, v\u010detn\u011b dvou letov\u00fdch uk\u00e1zek, je 15 tis. K\u010d.<\/p>\n\n\n\n<p>Cenu pro vzd\u00e1len\u011bj\u0161\u00ed akce, nebo akce v zahrani\u010d\u00ed ur\u010d\u00edme po vz\u00e1jemn\u00e9 dohod\u011b.&nbsp;<\/p>\n\n\n<div class=\"wp-block-image\">\n<figure class=\"aligncenter size-full\"><a href=\"https:\/\/www.auster.cz\/wp-content\/uploads\/2025\/10\/image3.jpeg\"><img loading=\"lazy\" decoding=\"async\" width=\"640\" height=\"347\" src=\"https:\/\/www.auster.cz\/wp-content\/uploads\/2025\/10\/image3.jpeg\" alt=\"\" class=\"wp-image-203\" srcset=\"https:\/\/www.auster.cz\/wp-content\/uploads\/2025\/10\/image3.jpeg 640w, https:\/\/www.auster.cz\/wp-content\/uploads\/2025\/10\/image3-300x163.jpeg 300w\" sizes=\"auto, (max-width: 640px) 100vw, 640px\" \/><\/a><\/figure>\n<\/div>","protected":false},"excerpt":{"rendered":"<p>Bude n\u00e1m ct\u00ed p\u0159edv\u00e9st n\u00e1\u0161 Auster Mk.V na Va\u0161em leteck\u00e9m dnu, nebo na jin\u00e9 akci. Letoun m\u00e1 v\u00fdhodu kr\u00e1tk\u00e9ho vzletu a p\u0159ist\u00e1n\u00ed, je obratn\u00fd a m\u00e1 velk\u00fd rozsah provozn\u00edch rychlost\u00ed. &hellip; <\/p>\n","protected":false},"author":1,"featured_media":0,"parent":0,"menu_order":0,"comment_status":"closed","ping_status":"closed","template":"","meta":{"footnotes":""},"class_list":["post-202","page","type-page","status-publish","hentry"],"_links":{"self":[{"href":"https:\/\/www.auster.cz\/index.php?rest_route=\/wp\/v2\/pages\/202","targetHints":{"allow":["GET"]}}],"collection":[{"href":"https:\/\/www.auster.cz\/index.php?rest_route=\/wp\/v2\/pages"}],"about":[{"href":"https:\/\/www.auster.cz\/index.php?rest_route=\/wp\/v2\/types\/page"}],"author":[{"embeddable":true,"href":"https:\/\/www.auster.cz\/index.php?rest_route=\/wp\/v2\/users\/1"}],"replies":[{"embeddable":true,"href":"https:\/\/www.auster.cz\/index.php?rest_route=%2Fwp%2Fv2%2Fcomments&post=202"}],"version-history":[{"count":1,"href":"https:\/\/www.auster.cz\/index.php?rest_route=\/wp\/v2\/pages\/202\/revisions"}],"predecessor-version":[{"id":204,"href":"https:\/\/www.auster.cz\/index.php?rest_route=\/wp\/v2\/pages\/202\/revisions\/204"}],"wp:attachment":[{"href":"https:\/\/www.auster.cz\/index.php?rest_route=%2Fwp%2Fv2%2Fmedia&parent=202"}],"curies":[{"name":"wp","href":"https:\/\/api.w.org\/{rel}","templated":true}]}}